427 is divided by 5.
2
Calculate the remainder when 367042571 is divided by 8548.
8547
Calculate the remainder when 1399801 is divided by 343.
18
Calculate the remainder when 28241728 is divided by 1485.
1483
Calculate the remainder when 1851970 is divided by 617310.
40
Calculate the remainder when 31782347 is divided by 1390.
1387
What is the remainder when 76038434 is divided by 41?
39
What is the remainder when 850759 is divided by 10631?
279
What is the remainder when 65340353 is divided by 32670171?
11
Calculate the remainder when 1422297027 is divided by 105.
102
Calculate the remainder when 125335 is divided by 5327.
2814
What is the remainder when 53600443 is divided by 7216?
7211
What is the remainder when 1462759 is divided by 487448?
415
What is the remainder when 96046023 is divided by 71?
63
Calculate the remainder when 397304 is divided by 1082.
210
What is the remainder when 2534117 is divided by 751?
243
Calculate the remainder when 16827099 is divided by 382.
381
What is the remainder when 564557 is divided by 141127?
49
Calculate the remainder when 134345 is divided by 134339.
6
Calculate the remainder when 30586578 is divided by 10393.
10372
What is the remainder when 240026 is divided by 2243?
25
What is the remainder when 5167218 is divided by 1186?
1002
Calculate the remainder when 847621 is divided by 4117.
3636
What is the remainder when 1055563 is divided by 263877?
55
Calculate the remainder when 102442 is divided by 5675.
292
Calculate the remainder when 14885266 is divided by 204.
202
What is the remainder when 138706999 is divided by 1160?
1159
What is the remainder when 2770000 is divided by 295?
245
Calculate the remainder when 15260269 is divided by 4271.
4257
What is the remainder when 339926 is divided by 479?
315
What is the remainder when 1100506 is divided by 275126?
2
What is the remainder when 84720 is divided by 27769?
1413
What is the remainder when 19778008 is divided by 9889000?
8
What is the remainder when 3260411 is divided by 43?
22
What is the remainder when 869328 is divided by 155?
88
What is the remainder when 117543 is divided by 57948?
1647
Calculate the remainder when 68273 is divided by 16835.
933
Calculate the remainder when 66235496 is divided by 123.
119
Calculate the remainder when 519824 is divided by 70.
4
Calculate the remainder when 1113457 is divided by 193.
40
Calculate the remainder when 182666 is divided by 60410.
1436
Calculate the remainder when 238617 is divided by 140.
57
What is the remainder when 13507631 is divided by 6654?
11
What is the remainder when 7626990 is divided by 1389?
1380
Calculate the remainder when 33929471 is divided by 24.
23
Calculate the remainder when 674602 is divided by 674407.
195
Calculate the remainder when 6443445 is divided by 1033.
624
What is the remainder when 5394809 is divided by 2234?
1933
What is the remainder when 2213353 is divided by 2213245?
108
Calculate the remainder when 24874 is divided by 24726.
148
Calculate the remainder when 1101318 is divided by 5071.
911
Calculate the remainder when 34881972 is divided by 46324.
0
Calculate the remainder when 573774 is divided by 5169.
15
Calculate the remainder when 285369 is divided by 95098.
75
What is the remainder when 87516 is divided by 1133?
275
What is the remainder when 42549971 is divided by 56?
51
Calculate the remainder when 7059544 is divided by 9326.
9088
What is the remainder when 1631962 is divided by 233135?
17
What is the remainder when 264319 is divided by 261964?
2355
What is the remainder when 11217147 is divided by 2429?
25
What is the remainder when 10173650 is divided by 7335?
5
What is the remainder when 9269973 is divided by 374?
9
Calculate the remainder when 743683 is divided by 17276.
815
Calculate the remainder when 1694737 is divided by 847366.
5
Calculate the remainder when 27439097 is divided by 11500.
97
Calculate the remainder when 3842032 is divided by 2589.
2545
Calculate the remainder when 47438615 is divided by 9487722.
5
Calculate the remainder when 5143922 is divided by 29.
18
Calculate the remainder when 219360 is divided by 218845.
515
Calculate the remainder when 1119903 is divided by 335.
333
Calculate the remainder when 1319461 is divided by 7287.
514
What is the remainder when 353205770 is divided by 8558?
8552
What is the remainder when 1210982 is divided by 605116?
750
Calculate the remainder when 124065 is divided by 4344.
2433
What is the remainder when 325126 is divided by 307?
13
What is the remainder when 7785 is divided by 1065?
330
What is the remainder when 552197 is divided by 1291?
940
Calculate the remainder when 1310353 is divided by 7.
2
Calculate the remainder when 961864 is divided by 1390.
1374
What is the remainder when 61613 is divided by 29446?
2721
What is the remainder when 8827643 is divided by 5?
3
What is the remainder when 38763887 is divided by 3374?
1
What is the remainder when 42637303 is divided by 966?
961
Calculate the remainder when 1671514 is divided by 2371.
2330
Calculate the remainder when 349096 is divided by 992.
904
What is the remainder when 1905714 is divided by 476386?
170
Calculate the remainder when 22553357 is divided by 172163.
4
Calculate the remainder when 82424 is divided by 35.
34
Calculate the remainder when 230800 is divided by 97.
37
Calculate the remainder when 13349 is divided by 2624.
229
Calculate the remainder when 1183676 is divided by 480.
476
What is the remainder when 160759 is divided by 26400?
2359
What is the remainder when 39307350 is divided by 2214?
2208
What is the remainder when 29980 is divided by 2725?
5
What is the remainder when 256305 is divided by 619?
39
Calculate the remainder when 309898 is divided by 489.
361
What is the remainder when 13248335 is divided by 547?
542
What is the remainder when 1575013 is divided by 1294?
215
Calculate the remainder when 5015322 is divided by 24112.
26
What is the remainder when 13110213 is divided by 839?
838
What is the remainder when 55891912 is divided by 4721?
4714
Calculate the remainder when 519337825 is divided by 7330.
7325
Calculate the remainder when 5854795 is divided by 921.
919
What is the remainder when 56752411 is divided by 43?
22
What is the remainder when 29593 is divided by 7275?
493
What is the remainder when 5572578 is divided by 796081?
11
What is the remainder when 4066104898 is divided by 2860?
2858
Calculate the remainder when 211513 is divided by 1189.
1060
Calculate the remainder when 22613 is divided by 193.
32
What is the remainder when 21504 is divided by 10738?
28
What is the remainder when 1754690 is divided by 832?
2
Calculate the remainder when 1025056 is divided by 2482.
2472
What is the remainder when 9454788 is divided by 23?
17
What is the remainder when 1631349 is divided by 176?
5
What is the remainder when 2240142 is divided by 24?
6
Calculate the remainder when 4985913 is divided by 2.
1
Calculate the remainder when 5249 is divided by 5206.
43
What is the remainder when 1821117 is divided by 1604?
577
Calculate the remainder when 5205207 is divided by 829.
745
What is the remainder when 5370388 is divided by 73?
70
Calculate the remainder when 7019875 is divided by 92.
91
Calculate the remainder when 6744476 is divided by 1600.
476
Calculate the remainder when 427180 is divided by 1009.
373
Calculate the remainder when 1406505 is divided by 127864.
1
What is the remainder when 2771634 is divided by 23?
19
Calculate the remainder when 35554 is divided by 4330.
914
Calculate the remainder when 2177944 is divided by 2797.
1878
What is the remainder when 201036327 is divided by 1458?
1455
Calculate the remainder when 4198197 is divided by 53.
14
What is the remainder when 244484 is divided by 2778?
20
Calculate the remainder when 34610801 is divided by 397825.
26
What is the remainder when 333306 is divided by 2043?
297
What is the remainder when 2755923 is divided by 376?
219
What is the remainder when 320868 is divided by 80051?
664
Calculate the remainder when 13053 is divided by 1700.
1153
What is the remainder when 5601491 is divided by 74?
61
Calculate the remainder when 5905523 is divided by 25.
23
Calculate the remainder when 59837 is divided by 1449.
428
What is the remainder wh